8*f + 3. Let t(n) = -j(n) + 6*q(n). What is t(-4)?
21
Let v(z) = z**2 - 5 - 21*z + 5*z + 19*z. Determine v(-7).
23
Let w(t) = t**2 + 11*t - 14. Let b be w(-12). Let i be b/(-6) + (-102)/(-18). Let q(g) = -i + g - 3*g + 3*g. Give q(-5).
-11
Let z(u) = 0 + 0 - 3*u - u**2. Let h be ((-8)/(-20))/(1/10). Suppose -j = -h, -3*d + j - 5*j = -4. Calculate z(d).
-4
Suppose 5*m - 12 = 2*m. Let a(x) = -5 + m*x - 4*x - 2*x + 0*x. Calculate a(-5).
5
Suppose 0 = 13*i + 18 + 8. Let k(j) = j**2 - 2*j + 1. Give k(i).
9
Suppose -3*p + 2*p + 3*c = 0, -3*p + 3*c + 12 = 0. Suppose -s + 2*w = p, -4*s = s + w - 14. Let q(y) = -2*y + 2. Determine q(s).
-2
Let r(j) = 5*j**2 + 5*j - 11. Let b(i) = 3*i**2 + 2*i - 5. Let c(z) = 9*b(z) - 4*r(z). Let m be 8/(-12) - 2/6. What is c(m)?
8
Let q(k) = k + 6. Let f be 0/((-2)/(1 - -1)). What is q(f)?
6
Let k(o) = o**3 + 4*o**2 + 2*o - 2. Let b be 1*(-2 + 2/(-1)). Determine k(b).
-10
Let h(l) = -3*l - 2. Let r = 13 + -6. Let x = r + -9. Calculate h(x).
4
Let l(y) = -6*y - 4*y**2 - y - 3*y**2 + 8*y**2 + 4. Calculate l(5).
-6
Let p(r) be the third derivative of -r**4/24 + r**3/6 - 3*r**2. Let k(s) = -3*s - 5. Let v(u) = -k(u) - 5*p(u). Give v(1).
8
Let b(n) be the third derivative of -n**4/24 - n**3/6 - n**2. Suppose 7*m - 8 = 20. Determine b(m).
-5
Let d be -1*(1 - 0) + 3. Let o(s) be the second derivative of -2*s**3/3 - s**2/2 + 29*s. Calculate o(d).
-9
Let v(x) be the first derivative of -x**3/3 + 2*x**2 + 2*x - 2. Let i be v(5). Let c(b) = -2*b - 4. Let l(p) = 4*p + 7. Let n(a) = 5*c(a) + 3*l(a). Give n(i).
-5
Let w = 0 - -3. Suppose q = 4*q - w*n - 18, 12 = -4*n. Let t(v) = 3*v - 2*v**2 - v**2 + q + 2*v**2. Calculate t(3).
3
Let p(t) = 2*t**2 - 2 - 3*t - t - 3*t**2 - 1. Let k(h) = h**2 - 3*h - 4. Let v be k(4). Let y = -4 - v. Determine p(y).
-3
Suppose 6 + 6 = 2*g. Let v = g + -3. Let u(n) = 0*n - 4*n**2 + v*n + 7*n**2. Determine u(-2).
6
Let c(l) = 2*l - 21. Let y be c(8). Let i(w) = -w**2 - 5*w - 4. Determine i(y).
-4
Let n(v) = v**2 - 4*v - 3. Suppose h - 24 = 6. Suppose 3*q = 4*z + z + 20, -5*q + 5*z + h = 0. Calculate n(q).
2
Let j(m) be the third derivative of -m**4/24 - m**3/3 + 6*m**2. Give j(5).
-7
Let n(g) be the first derivative of g**5/60 - g**4/8 - 2*g**3/3 + g**2/2 + 2. Let p(v) be the second derivative of n(v). Determine p(5).
6
Let i(s) = s**3 - s**2 - 2*s + 6. Let x = -22 - -22. Let u be i(x). Let o(q) = -q. Determine o(u).
-6
Let k(w) = w**2 - 4*w - 1. Let y be 4/(-10)*(-3 + -7). Calculate k(y).
-1
Let i(q) = -q**3 - 6*q**2 - 4*q - 3. Let j(a) = -6*a**3 + 1. Let m be j(1). Calculate i(m).
-8
Let x(l) = l**2 - 3*l. Let w be x(4). Let r be (0/(-4))/2 + 32. Suppose 0*q - w*d = -4*q - r, -5*d + 4 = q. Let b(z) = z**2 + 6*z + 2. Calculate b(q).
2
Let p(m) = m**3 - 5*m**2 + 5*m + 2. Let q be p(4). Let b(w) = 2*w + 2*w + w - q*w. Give b(2).
-2
Let r(a) = -a + 7. Let u(q) = 6*q. Let b be u(1). Suppose -t = t - b. Give r(t).
4
Let p(f) = -f**2 - 2*f. Let c(w) = -w**2 - 4*w - 4. Suppose -5*q + q - 16 = 0, -3*h = -4*q - 7. Let t be c(h). Determine p(t).
1
Suppose 3*s - 4*s + 5*i + 251 = 0, 2*i = -5*s + 1282. Let k(f) = -s + f + f**2 + 256. Calculate k(-2).
2
Let d(c) = -2*c + 5. Let t be (-28)/(-6) - 5/(-15). Give d(t).
-5
Let w = -9 + 9. Let l(u) = -6*u + u**2 + w*u**2 + 3 + 5*u - 5*u. Determine l(5).
-2
Let n(g) = 2*g - 3. Let h(t) = 4*t - 7. Let c(q) = 3*h(q) - 5*n(q). Suppose u = 7 - 1. Determine c(u).
6
Let x(h) = 7*h - h**3 + 2*h**2 - 3 + 2*h**2 - h. Suppose -3*j = -4*y + 119, 5*y - 2*j = -5*j + 142. Suppose -k - i - 4*i = 5, -2*i - y = -5*k. Calculate x(k).
2
Let i be ((-6)/4 - -2)/((-16)/(-192)). Let z(g) = g + 2. Determine z(i).
8
Let y = -192/11 + 23051/1320. Let p(o) be the third derivative of 1/24*o**4 + y*o**6 + 4*o**2 - 7/6*o**3 + 0*o + 0 - 1/12*o**5. Give p(5).
-2
Let h(g) be the first derivative of g**6/360 + g**5/120 + g**4/6 + 4*g**3/3 + 2. Let k(m) be the third derivative of h(m). Give k(0).
4
Let s(h) = 5*h**2 - 3*h - 1. Let n(d) = 6*d**2 - 4*d - 1. Let y(f) = -6*n(f) + 7*s(f). Calculate y(3).
-1
Suppose 0 = 3*p + 20 - 5. Let b(h) = -h**2 - h + 5. Calculate b(p).
-15
Let y(r) = -r**3 - 8*r**2 - 3*r + 3. Let c(l) = -3*l**3 - 24*l**2 - 10*l + 10. Let o(x) = 6*c(x) - 17*y(x). Determine o(-7).
23
Let f(w) = w - 2. Let n(g) be the second derivative of g**3/3 - 3*g**2/2 + 2*g. Let r(h) = 4*f(h) - 3*n(h). Determine r(-6).
13
Suppose 3*w = 2*f + 8, -f + 20 = -6*f + 5*w. Let i(p) = p**3 + 5*p**2 + 3*p - 2. What is i(f)?
2
Let v(y) = -3*y**2 + 4*y**2 + y - 2 + 2. Suppose 5*m + 2*p = 4 - 12, 2*m - 3*p + 7 = 0. Let c = m - -1. Calculate v(c).
0
Let w(d) = 259 + 13*d - d**2 - d - 255. Give w(12).
4
Let b be 15/(-3)*12/15. Let l be ((-48)/18)/(b/6). Let s(r) = -r + 5. Determine s(l).
1
Let d(l) = -l**3 - 5*l**2 - 3*l + 3. Suppose -4*x - f = 142, -x - f - 11 - 23 = 0. Let t be 114/(-27) - 8/x. Give d(t).
-1
Let k(h) = -h**2 + 2*h. Let s(j) = j**3 + 11*j**2 - j - 8. Let y be s(-11). Calculate k(y).
-3
Let g(s) = 4*s**2 + 6*s - 3. Let h(v) = -3*v**2 - 4*v + 2. Let q(r) = 5*g(r) + 8*h(r). Let w = 10 + -5. Let t be (-4)/(-5) + 1/w. What is q(t)?
-5
Let k = 20 - 24. Let n(q) = 2*q + 0*q**2 + q**2 - 1 + 0*q**2. What is n(k)?
7
Let n = -10 + 15. Suppose 2*k - n - 5 = 0. Let m(c) = -2 + k*c + 2 + 3. Determine m(-2).
-7
Let h = -2 - -5. Let r(c) = -10 + 5*c + c**2 + 8 + 1 - 2 - c**3. What is r(h)?
-6
Suppose 5*v + 5*c - 40 = 0, -5*v = -v + 3*c - 29. Let d(n) = n**2 - 7*n + 3. Determine d(v).
-7
Suppose 0 = 4*w - b, -w + 5*b - 17 = 2*w. Let h = w + 0. Let s(n) = n + 1. Give s(h).
2
Let b(w) = w**2 + 1. Let q be b(-1). Let i(h) be the second derivative of -1/12*h**4 + 0 + q*h + 0*h**2 + 0*h**3. Determine i(0).
0
Let h be -1*2/2*1. Let d(i) = -11*i**2 - 3*i + 2. Let b(g) = -g**2 - g + 1. Let l = 8 + -6. Let f(s) = l*b(s) - d(s). Determine f(h).
8
Let z(m) = m**3 - m**2 + 2*m + 3. Let a(x) = -x + 1. Let w be a(-1). Suppose -r + 0*r - w = 0. What is z(r)?
-13
Let z = -6 + 4. Let f(j) = -j + 3 - 4*j**2 - 12 + 10 - j**3. Calculate f(z).
-5
Suppose 0*u = 3*u + 84. Let n be (-18)/(-4)*u/21. Let x(a) be the second derivative of a**4/12 + 4*a**3/3 + 3*a**2 - a. What is x(n)?
-6
Let v(u) be the third derivative of -u**6/20 - u**4/24 + u**3/6 + 2*u**2. Let a = -6 - -7. Give v(a).
-6
Let h(l) = -l**2 + l + 2. Let b(k) = k - 1. Let q(j) = -6*b(j) - h(j). Calculate q(6).
-2
Suppose -5*b = 2*i - 4, 0 = 2*b + i + 4*i + 11. Let m(y) = 0 + 1 - 11*y**3 + 3*y**3 + y - b. Determine m(1).
-8
Let z(k) = -3*k**2 + 2*k + 2. Suppose -3 - 1 = -2*m. What is z(m)?
-6
Let f(n) = -n**2 + 9*n + 8. Let l(d) = -d**2 + 8*d + 8. Let c(u) = 2*f(u) - 3*l(u). Determine c(6).
-8
Suppose -6*y + y = 0. Let q be (y + 2)*(-4)/4. Let i(t) = 1 + 3*t**2 + 2*t + 0 + 2 - 4. What is i(q)?
7
Let l(d) = d**2 + 5*d. Let v = 6 - 12. Give l(v).
6
Let h(x) be the third derivative of -x**6/120 + x**5/30 - x**3/3 + 7*x**2. Determine h(2).
-2
Let y = 35 - 34. Let z(k) = -3*k**3 + k**2 - k + 1. Give z(y).
-2
Let l = -8 + 13. Let m(g) = -15 - g + 7 + 2 + 3*g. What is m(l)?
4
Let z be (-1)/(-1 - 20/(-24)). Let y(u) = u + 1. Give y(z).
7
Let d(h) = 3*h**2 + 0*h - 4 + 5*h - 4*h**2. Let p(v) = v**2 - 14*v + 18. Suppose 3*g = 12 + 27. Let w be p(g). Determine d(w).
-4
Let p(b) = -1. Let d(m) = 11*m + 4. Let o(c) = -5*c - 2. Let k(j) = -2*d(j) - 5*o(j). Let w(h) = -k(h) - 4*p(h). What is w(3)?
-7
Let b(w) = -3 - 2*w**2 + 2*w + 0*w**2 + 3*w**2. Let i(f) = 3*f - 31. Let l be i(9). What is b(l)?
5
Let l(n) = 2*n - 6. Suppose 4*x = 4*z - 40, 5*z - x + 4*x - 18 = 0. Determine l(z).
6
Let r(q) = -q**3 - 4*q**2 + 5*q. Suppose 10 = 3*a + 2*a. Suppose 5*n = 2*w - 14, -4*n = -5*w + n + 50. Let p be (8/w)/(a/(-15)). Give r(p).
0
Let h(d) = d**2 + 0 + 2*d + d + 2. Let g(b) = b**3 - 11*b**2 + 10*b. Let r be g(10). Let y = -3 + r. Calculate h(y).
2
Let w(o) = -23*o - 31*o + 88*o - 27*o + 1 - o**2. Calculate w(6).
7
Let g(v) = -v**3 + v**2 + v + 1. Let l be (-4 - (1 - 3))/(-1). Calculate g(l).
-1
Let g = 22 - 22. Let t(j) be the second derivative of j**4/12 + 5*j**2/2 + j. Calculate t(g).
5
Let t(c) = 6*c - 3. Let j be (105/6)/5*2. Let h be ((-2)/j)/((-3)/21). Give t(h).
9
Suppose 5*b - 3*b = 6. Let v(j) = -3*j**2 - j**2 - 4*j + 0*j**2 + 2 + j**b + 3*j**2. Determine v(3).
8
Let s(u) = u**3 + 9. Let d 